{"id":2,"date":"2023-02-27T17:26:33","date_gmt":"2023-02-27T16:26:33","guid":{"rendered":"https:\/\/buergerstiftung.virthos.net\/?page_id=2"},"modified":"2023-06-05T11:42:29","modified_gmt":"2023-06-05T09:42:29","slug":"ueber-uns","status":"publish","type":"page","link":"https:\/\/buergerstiftung.virthos.net\/index.php\/ueber-uns\/","title":{"rendered":"\u00dcber uns"},"content":{"rendered":"\n<blockquote class=\"wp-block-quote is-layout-flow wp-block-quote-is-layout-flow\">\n<p><strong>Ver\u00ad\u00e4n\u00adde\u00adrung<\/strong><br>braucht<br><strong>Verantwortung<\/strong><\/p>\n<\/blockquote>\n\n\n\n<p>Neue zu\u00adkunfts\u00adwei\u00adsen\u00adde Ide\u00aden ha\u00adben kaum eine Chan\u00adce, vom Staat oder den Kom\u00admu\u00adnen ge\u00adf\u00f6r\u00addert zu wer\u00adden. Und die\u00adser Spar\u00adkurs trifft fast alle Be\u00adrei\u00adche des Ge\u00admein\u00adwe\u00adsens \u2013 so\u00adzia\u00adle Ein\u00adrich\u00adtun\u00adgen, An\u00adge\u00adbo\u00adte f\u00fcr Kin\u00adder und Ju\u00adgend\u00adli\u00adche, Kul\u00adtur und Um\u00adwelt\u00adschutz.<\/p>\n\n\n\n<p>Gleich\u00adg\u00fcl\u00adtig kann die\u00adse Ent\u00adwick\u00adlung schlie\u00df\u00adlich kei\u00adnem von uns sein. Des\u00adhalb wurde die B\u00fcrgerstiftung Lilienthal am 21. November 2002 als unabh\u00e4ngige, selbst\u00e4ndig handelnde, gemeinn\u00fctzige Stiftung mit brei\u00adtem Stif\u00adtungs\u00adzweck von neun engagierten B\u00fcrgerinnen und B\u00fcrgern gegr\u00fcndet. Sie en\u00adga\u00adgiert sich nach\u00adhal\u00adtig und dau\u00ader\u00adhaft f\u00fcr das Ge\u00admein\u00adwe\u00adsen in Li\u00adli\u00adent\u00adhal und un\u00adter\u00adst\u00fctzt mit ih\u00adrer Ar\u00adbeit b\u00fcr\u00adger\u00adschaft\u00adli\u00adches En\u00adga\u00adge\u00adment.<\/p>\n\n\n\n<p>Seit dieser Zeit ist die B\u00fcrgerstiftung kontinuierlich mit einer Vielzahl von unterschiedlichen Projekten f\u00fcr die B\u00fcrger und vor allem f\u00fcr die Kinder und Jugendlichen in Lilienthal aktiv.<\/p>\n\n\n\n<p>Was eine B\u00fcrgerstiftung ausmacht, zeigt dieser kleine Film: <a href=\"https:\/\/www.youtube.com\/watch?v=pygdWKj7bn8\">Was ist eine B\u00fcrgerstiftung?<\/a><\/p>\n\n\n\n<h3 class=\"wp-block-heading\">Was will die B\u00fcr\u00adger\u00adstif\u00adtung Li\u00adli\u00adent\u00adhal?<\/h3>\n\n\n\n<p>Die B\u00fcr\u00adger\u00adstif\u00adtung hat sich zum Ziel ge\u00adsetzt, Men\u00adschen zu\u00adsam\u00admen\u00adzu\u00adf\u00fch\u00adren, die Zu\u00adkunft mit\u00adge\u00adstal\u00adten wol\u00adlen: Men\u00adschen mit Ide\u00aden, Men\u00adschen mit En\u00adga\u00adge\u00adment und letzt\u00adend\u00adlich auch Men\u00adschen mit dem not\u00adwen\u00addi\u00adgen Geld, um aus ei\u00adner gu\u00adten Idee auch ein er\u00adfolg\u00adrei\u00adches Pro\u00adjekt zu ma\u00adchen.<\/p>\n\n\n\n<p>Die B\u00fcrgerstiftung Lilienthal wurde im Jahre 2023 zum neunten Mal mit dem G\u00fctesiegel des Bundesverbandes Deutscher Stiftungen ausgezeichnet.<\/p>\n\n\n\n<figure class=\"wp-block-image size-full is-resized\"><img loading=\"lazy\" decoding=\"async\" src=\"https:\/\/buergerstiftung.virthos.net\/wp-content\/uploads\/2023\/03\/Gtesiegel23.png\" alt=\"\" class=\"wp-image-14\" width=\"510\" height=\"510\" srcset=\"https:\/\/buergerstiftung.virthos.net\/wp-content\/uploads\/2023\/03\/Gtesiegel23.png 680w, https:\/\/buergerstiftung.virthos.net\/wp-content\/uploads\/2023\/03\/Gtesiegel23-300x300.png 300w, https:\/\/buergerstiftung.virthos.net\/wp-content\/uploads\/2023\/03\/Gtesiegel23-150x150.png 150w, https:\/\/buergerstiftung.virthos.net\/wp-content\/uploads\/2023\/03\/Gtesiegel23-100x100.png 100w\" sizes=\"auto, (max-width: 510px) 100vw, 510px\" \/><\/figure>\n\n\n\n<p>Sie ist damit eine von mehr als 300 B\u00fcrgerstiftungen in Deutschland, die das G\u00fctesiegel tragen, weil sie den 10 Merkmalen einer B\u00fcrgerstiftung entsprechen. Zu diesen Merkmalen geh\u00f6ren die wirtschaftliche, konfessionelle und politische Unabh\u00e4ngigkeit, das lokale Engagement, die Vielfalt der F\u00f6rderzwecke, der kontinuierliche Aufbau des Stiftungskapitals durch alle B\u00fcrger, die sich daran beteiligen wollen, die Engagementf\u00f6rderung und Netzwerkarbeit, Transparenz und Kontrolle.<\/p>\n\n\n\n<figure class=\"wp-block-image size-full\"><a href=\"https:\/\/buergerstiftung-lilienthal.de\/images\/Selbstverpflichtung.pdf\"><img loading=\"lazy\" decoding=\"async\" width=\"351\" height=\"352\" src=\"https:\/\/buergerstiftung.virthos.net\/wp-content\/uploads\/2023\/03\/Demokratie.jpg\" alt=\"\" class=\"wp-image-15\" srcset=\"https:\/\/buergerstiftung.virthos.net\/wp-content\/uploads\/2023\/03\/Demokratie.jpg 351w, https:\/\/buergerstiftung.virthos.net\/wp-content\/uploads\/2023\/03\/Demokratie-300x300.jpg 300w, https:\/\/buergerstiftung.virthos.net\/wp-content\/uploads\/2023\/03\/Demokratie-150x150.jpg 150w, https:\/\/buergerstiftung.virthos.net\/wp-content\/uploads\/2023\/03\/Demokratie-100x100.jpg 100w\" sizes=\"auto, (max-width: 351px) 100vw, 351px\" \/><\/a><\/figure>\n\n\n\n<p>In Lilienthal hat sich die B\u00fcrger- stiftung seit ihrer Gr\u00fcndung im Jahre 2002 zu einem starken Pfeiler b\u00fcrgerschaftlichen Engagements entwickelt. 22.000 Stunden engagierten sich Menschen ehrenamtlich im vergangenen Jahr in der B\u00fcrgerstiftung, \u00fcberwiegend f\u00fcr Kinder und Jugendliche in den Projekten \u201eLilienthal liest\u201c, der Kinderakademie und der Hausaufgabenbetreuung. Als ein weiteres Engagementfeld ist im Mai 2016 das Kinderforscherzentrum \u201eKalis Werkstatt\u201c dazu gekommen.<\/p>\n\n\n\n<p>Seit die ersten Fl\u00fcchtlingsfamilien in Lilienthal wohnen, unterst\u00fctzen und f\u00f6rdern die Engagierten der B\u00fcrgerstiftung die jungen Menschen aus diesen Familien, mit dem Wissen, Bildung ist der Schl\u00fcssel zur Integration.<\/p>\n\n\n\n<p>Eine weitere Aufgabe ist die der Koordinatorin f\u00fcr das Projektb\u00fcro \u201eEngagierte Stadt\u201c, in dem alle F\u00e4den zusammen laufen f\u00fcr das Netzwerkprogramm \u201eEngagierte Stadt\u201c zu dem unsere Gemeinde seit September 2015 mit 49 anderen Orten in der Bundesrepublik geh\u00f6rt.<\/p>\n\n\n\n<p>Nachfolgend wollen wir Ihnen weitere Einblicke in unsere Ziele und Aktivit\u00e4ten geben.<\/p>\n","protected":false},"excerpt":{"rendered":"<p>Ver\u00ad\u00e4n\u00adde\u00adrungbrauchtVerantwortung Neue zu\u00adkunfts\u00adwei\u00adsen\u00adde Ide\u00aden ha\u00adben kaum eine Chan\u00adce, vom Staat oder den Kom\u00admu\u00adnen ge\u00adf\u00f6r\u00addert zu wer\u00adden. Und die\u00adser Spar\u00adkurs trifft [&hellip;]<\/p>\n","protected":false},"author":4,"featured_media":0,"parent":0,"menu_order":0,"comment_status":"closed","ping_status":"closed","template":"","meta":{"footnotes":""},"class_list":["post-2","page","type-page","status-publish","hentry"],"_links":{"self":[{"href":"https:\/\/buergerstiftung.virthos.net\/index.php\/wp-json\/wp\/v2\/pages\/2","targetHints":{"allow":["GET"]}}],"collection":[{"href":"https:\/\/buergerstiftung.virthos.net\/index.php\/wp-json\/wp\/v2\/pages"}],"about":[{"href":"https:\/\/buergerstiftung.virthos.net\/index.php\/wp-json\/wp\/v2\/types\/page"}],"author":[{"embeddable":true,"href":"https:\/\/buergerstiftung.virthos.net\/index.php\/wp-json\/wp\/v2\/users\/4"}],"replies":[{"embeddable":true,"href":"https:\/\/buergerstiftung.virthos.net\/index.php\/wp-json\/wp\/v2\/comments?post=2"}],"version-history":[{"count":3,"href":"https:\/\/buergerstiftung.virthos.net\/index.php\/wp-json\/wp\/v2\/pages\/2\/revisions"}],"predecessor-version":[{"id":53,"href":"https:\/\/buergerstiftung.virthos.net\/index.php\/wp-json\/wp\/v2\/pages\/2\/revisions\/53"}],"wp:attachment":[{"href":"https:\/\/buergerstiftung.virthos.net\/index.php\/wp-json\/wp\/v2\/media?parent=2"}],"curies":[{"name":"wp","href":"https:\/\/api.w.org\/{rel}","templated":true}]}}