{"id":169,"date":"2023-06-14T10:31:36","date_gmt":"2023-06-14T08:31:36","guid":{"rendered":"https:\/\/buergerstiftung.virthos.net\/?page_id=169"},"modified":"2023-06-14T10:31:36","modified_gmt":"2023-06-14T08:31:36","slug":"ausserschulische-lernbetreuung","status":"publish","type":"page","link":"https:\/\/buergerstiftung.virthos.net\/index.php\/ausserschulische-lernbetreuung\/","title":{"rendered":"Au\u00dferschulische Lernbetreuung"},"content":{"rendered":"\n<p><strong>Bildung<\/strong> entscheidet \u00fcber Zukunft. Sie ist eine zentrale Voraussetzung f\u00fcr ein Leben ohne Armut und die beste Pr\u00e4vention hei\u00dft Bildung.<br><br>Der B\u00fcrgerstiftung ist es wichtig, Kinder so fr\u00fch wie m\u00f6glich zu f\u00f6rdern und zu fordern. Deshalb bietet sie f\u00fcr Kinder\/Jugendliche, deren Eltern, aus welchen Gr\u00fcnden auch immer keine ausreichende Hilfestellung leisten k\u00f6nnen \u2013 von montags bis donnerstags eine<strong> Hausaufgabenbetreuung\/Nachhilfe<\/strong> an. Seit April 2008 wird unser Angebot in Zusammenarbeit mit den Grundschulen durchgef\u00fchrt, f\u00fcr die Grundschulen Falkenberg und Trupermoor in den Schulen selbst und f\u00fcr die Grundschule Schroeterschule in den R\u00e4umen der B\u00fcrgerstiftung im Conrad-Naber-Haus, Kinder und Jugendliche der IGS und des Gymnasiums kommen ebenfalls in das Conrad-Naber-Haus. Junge Menschen in der Ausbildung erhalten auf Wunsch eine Begleitung.<br><br><strong>Angestrebt wird, die Kinder m\u00f6glichst fr\u00fchzeitig \u2013 wenn m\u00f6glich vom ersten Schultag an &#8211; in die Betreuung aufzunehmen, um Lerndefizite m\u00f6glichst nicht entstehen zu lassen und falls vorhanden, sie rechtzeitig abzubauen.<br><\/strong><br><strong>Ziele<\/strong> sind: Schullaufbahnen entsprechend der F\u00e4higkeiten eines Kindes m\u00f6glich zu machen, d.h. <strong>Chancengerechtigkeit<\/strong> zu erreichen. Jeder junge Mensch muss die Chance haben, entsprechend seiner Leistungsf\u00e4higkeit die Schule abzuschlie\u00dfen, um einen guten Start ins Berufsleben zu haben.<br>Die Kinder sollen lernen, die Hausaufgaben selbst\u00e4ndig anzufertigen, wichtig ist das gezielte \u00dcben, jemanden fragen zu k\u00f6nnen, L\u00fccken gar nicht erst entstehen zu lassen. Die gemachten Hausaufgaben verhelfen den Kindern zu einem sch\u00f6nen Erfolgserlebnis: Am n\u00e4chsten Tag in der Schule die Hausaufgaben komplett vorzeigen zu k\u00f6nnen, besser lesen, das 1 x 1 zu k\u00f6nnen. In den weiterf\u00fchrenden Schulen den Stoff besser zu verstehen \u2013 das alles macht gute Gef\u00fchle und vermittelt schulische Erfolgserlebnisse. Wenn dann die Motivation zu lernen w\u00e4chst, wird auch die Lust auf Schule nicht verloren gehen.<br>Optimal ist auch, dass Kinder auf diesem Wege in die Angebote der anderen Projekte der B\u00fcrgerstiftung eingebunden werden k\u00f6nnen wie die der <strong>Kinderakademie<\/strong> und <strong>\u201eLilienthal liest\u201c<\/strong> mit dem Leseclub.<br>Wir suchen immer <strong>Lernpatinnen<\/strong> und <strong>Lernpaten<\/strong>, die den M\u00e4dchen und Jungen in der Grundschule oder der weiterf\u00fchrenden Schule in dieser sinnvollen Arbeit Unterst\u00fctzung anbieten. In welchen Klassenstufen, F\u00e4chern und an welchem Tag man t\u00e4tig sein m\u00f6chte, entscheidet die Lernpatin, der Lernpate.<br>Bei Interesse setzen Sie sich mit der B\u00fcrgerstiftung Lilienthal, Klosterstr. 23, Tel.: 04298\/467701 in <a href=\"https:\/\/buergerstiftung.virthos.net\/index.php\/kontakt\/\" data-type=\"page\" data-id=\"63\">Verbindung<\/a>.<\/p>\n\n\n\n<p>Die B\u00fcrgerstiftung Lilienthal ist im Patenschaftsprogramm <strong>\u201eMenschen st\u00e4rken Menschen\u201c<\/strong> als Koordinatorin eingebunden.<\/p>\n","protected":false},"excerpt":{"rendered":"<p>Bildung entscheidet \u00fcber Zukunft. Sie ist eine zentrale Voraussetzung f\u00fcr ein Leben ohne Armut und die beste Pr\u00e4vention hei\u00dft Bildung. [&hellip;]<\/p>\n","protected":false},"author":4,"featured_media":0,"parent":0,"menu_order":0,"comment_status":"closed","ping_status":"closed","template":"","meta":{"footnotes":""},"class_list":["post-169","page","type-page","status-publish","hentry"],"_links":{"self":[{"href":"https:\/\/buergerstiftung.virthos.net\/index.php\/wp-json\/wp\/v2\/pages\/169","targetHints":{"allow":["GET"]}}],"collection":[{"href":"https:\/\/buergerstiftung.virthos.net\/index.php\/wp-json\/wp\/v2\/pages"}],"about":[{"href":"https:\/\/buergerstiftung.virthos.net\/index.php\/wp-json\/wp\/v2\/types\/page"}],"author":[{"embeddable":true,"href":"https:\/\/buergerstiftung.virthos.net\/index.php\/wp-json\/wp\/v2\/users\/4"}],"replies":[{"embeddable":true,"href":"https:\/\/buergerstiftung.virthos.net\/index.php\/wp-json\/wp\/v2\/comments?post=169"}],"version-history":[{"count":1,"href":"https:\/\/buergerstiftung.virthos.net\/index.php\/wp-json\/wp\/v2\/pages\/169\/revisions"}],"predecessor-version":[{"id":170,"href":"https:\/\/buergerstiftung.virthos.net\/index.php\/wp-json\/wp\/v2\/pages\/169\/revisions\/170"}],"wp:attachment":[{"href":"https:\/\/buergerstiftung.virthos.net\/index.php\/wp-json\/wp\/v2\/media?parent=169"}],"curies":[{"name":"wp","href":"https:\/\/api.w.org\/{rel}","templated":true}]}}