{"id":121,"date":"2023-06-05T18:28:49","date_gmt":"2023-06-05T16:28:49","guid":{"rendered":"https:\/\/buergerstiftung.virthos.net\/?page_id=121"},"modified":"2026-04-12T15:39:23","modified_gmt":"2026-04-12T13:39:23","slug":"auszeichnungen-und-preise","status":"publish","type":"page","link":"https:\/\/buergerstiftung.virthos.net\/index.php\/auszeichnungen-und-preise\/","title":{"rendered":"Preise und Auszeichnungen"},"content":{"rendered":"\n<p><br>Seit unserer Gr\u00fcndung hat die B\u00fcrgerstiftung zahlreiche Preise und<br>Auszeichnungen erhalten. Daher geben wir Ihnen hier nur eine kleine Auswahl.<br>Wenn Sie mehr \u00fcber unsere Arbeit und Auszeichnungen erfahren m\u00f6chten,<br>sprechen Sie uns bitte an.<\/p>\n\n\n\n<div class=\"wp-block-query is-layout-flow wp-block-query-is-layout-flow\"><ul class=\"wp-block-post-template is-layout-flow wp-block-post-template-is-layout-flow\"><li class=\"wp-block-post post-128 post type-post status-publish format-standard hentry category-auszeichnungen\">\n\n<p><\/p>\n\n\n\n<p><\/p>\n\n\n<h3 class=\"wp-block-post-title\">Deutscher Engagementpreis 2019<\/h3>\n\n<div class=\"wp-block-post-excerpt\"><p class=\"wp-block-post-excerpt__excerpt\">Die B\u00fcrgerstiftung Lilienthal wurde zweimal f\u00fcr den deutschen Engagementpreis 2019 nominiert und hat jetzt die M\u00f6glichkeit, durch viele Stimmen f\u00fcr<\/p><p class=\"wp-block-post-excerpt__more-text\"><a class=\"wp-block-post-excerpt__more-link\" href=\"https:\/\/buergerstiftung.virthos.net\/index.php\/2019\/06\/05\/deutscher-engagementpreis-2019\/\">weiterlesen<\/a><\/p><\/div>\n<\/li><li class=\"wp-block-post post-130 post type-post status-publish format-standard hentry category-auszeichnungen\">\n\n<p><\/p>\n\n\n\n<p><\/p>\n\n\n<h3 class=\"wp-block-post-title\">Preis der Town &amp; Country Stiftung 2019<\/h3>\n\n<div class=\"wp-block-post-excerpt\"><p class=\"wp-block-post-excerpt__excerpt\">Die B\u00fcrgerstiftung Lilienthal wird mit 1.000 Euro durch die Town &amp; Country Stiftung gef\u00f6rdert. F\u00fcr ihr bemerkenswertes Engagement f\u00fcr gefl\u00fcchtete<\/p><p class=\"wp-block-post-excerpt__more-text\"><a class=\"wp-block-post-excerpt__more-link\" href=\"https:\/\/buergerstiftung.virthos.net\/index.php\/2019\/06\/04\/preis-der-town-country-stiftung-2019\/\">weiterlesen<\/a><\/p><\/div>\n<\/li><\/ul><\/div>\n","protected":false},"excerpt":{"rendered":"<p>Seit unserer Gr\u00fcndung hat die B\u00fcrgerstiftung zahlreiche Preise undAuszeichnungen erhalten. Daher geben wir Ihnen hier nur eine kleine Auswahl.Wenn Sie [&hellip;]<\/p>\n","protected":false},"author":4,"featured_media":0,"parent":0,"menu_order":0,"comment_status":"closed","ping_status":"closed","template":"","meta":{"footnotes":""},"class_list":["post-121","page","type-page","status-publish","hentry"],"_links":{"self":[{"href":"https:\/\/buergerstiftung.virthos.net\/index.php\/wp-json\/wp\/v2\/pages\/121","targetHints":{"allow":["GET"]}}],"collection":[{"href":"https:\/\/buergerstiftung.virthos.net\/index.php\/wp-json\/wp\/v2\/pages"}],"about":[{"href":"https:\/\/buergerstiftung.virthos.net\/index.php\/wp-json\/wp\/v2\/types\/page"}],"author":[{"embeddable":true,"href":"https:\/\/buergerstiftung.virthos.net\/index.php\/wp-json\/wp\/v2\/users\/4"}],"replies":[{"embeddable":true,"href":"https:\/\/buergerstiftung.virthos.net\/index.php\/wp-json\/wp\/v2\/comments?post=121"}],"version-history":[{"count":6,"href":"https:\/\/buergerstiftung.virthos.net\/index.php\/wp-json\/wp\/v2\/pages\/121\/revisions"}],"predecessor-version":[{"id":319,"href":"https:\/\/buergerstiftung.virthos.net\/index.php\/wp-json\/wp\/v2\/pages\/121\/revisions\/319"}],"wp:attachment":[{"href":"https:\/\/buergerstiftung.virthos.net\/index.php\/wp-json\/wp\/v2\/media?parent=121"}],"curies":[{"name":"wp","href":"https:\/\/api.w.org\/{rel}","templated":true}]}}